*x + 4. Let c be d(12). Suppose -c*z + 219 = -21. What is the remainder when z is divided by 21?
18
What is the remainder when 19 is divided by (42/(-30))/((-1)/5)?
5
Suppose -p + 2 = 3. Suppose -20 = 4*j + j. What is the remainder when (1/j)/(p/28) is divided by 3?
1
Suppose -3*b + 56 = r, 2*b + 4*r - 8 = 16. What is the remainder when b is divided by 12?
8
Let f = 19 + -11. Let h(v) = -v**2 + 9*v - 8. Let x be h(f). Suppose x = q - 5*l - 69, 4*l + 16 = -0. Calculate the remainder when q is divided by 13.
10
Suppose 3*z = -15 + 81. What is the remainder when 87 is divided by z?
21
Suppose 2 = 5*g - 58. What is the remainder when 18 is divided by g?
6
Let c = 96 - 92. Calculate the remainder when c is divided by 1.
0
Let h be (65/15)/(2/(-12)). Let i = h + 46. What is the remainder when 79 is divided by i?
19
Let p = -3 + 31. Suppose -3*t + 6 + 0 = 0. Let s = t - -8. What is the remainder when p is divided by s?
8
Let k(r) = -2*r - 9. Let m be k(-7). Suppose 4*u - m = 3. Calculate the remainder when u is divided by 2.
0
Suppose 4*i + 27 = 7*i + 3*z, 3*i - 3*z - 39 = 0. Calculate the remainder when (0 - 6)/(2/(-10)) is divided by i.
8
Calculate the remainder when 32 is divided by 2/14 - (96/(-14) - 2).
5
What is the remainder when 20 is divided by 8/16 + (-23)/(-2)?
8
Let t(c) = 2*c**3 + c**2 - c. Let y be t(1). Suppose -y*v + 3*h + 44 = h, 79 = 4*v + 5*h. Let i(x) = 4*x - 5. What is the remainder when v is divided by i(4)?
10
Let f(g) be the third derivative of g**5/20 - g**3/6 + 3*g**2. What is the remainder when f(3) is divided by 14?
12
Let l be (-2)/4 - 9/(-18). Let o = 13 + l. Calculate the remainder when 23 is divided by o.
10
What is the remainder when 9/((-3)/(-1)) - -74 is divided by 39?
38
What is the remainder when 124 is divided by (4*-6)/(-6 - (-84)/16)?
28
Let c be (0 - 0) + 13 + 2. Suppose -c + 185 = 5*k. Calculate the remainder when k is divided by 18.
16
Let k be (2 + 1)/(3/2). Suppose -5*m + 160 = 3*n, m + 220 = -k*n + 7*n. What is the remainder when n is divided by 12?
9
Let f = 108 + -97. What is the remainder when 85 is divided by f?
8
Let t = 21 - 13. Calculate the remainder when 2/4 + (-59)/(-2) is divided by t.
6
Suppose 0 = 4*v - v + 5*y - 16, 0 = 5*v - y - 8. Let f(r) = 2*r**2 - 1 - 6*r**2 - 8*r - r**3 + v*r**3. Calculate the remainder when f(6) is divided by 12.
11
Suppose 4*d - 14 = 2*a - 0*a, -a = -3. Suppose d*w - 3*w - 28 = 0. What is the remainder when 27 is divided by w?
13
Suppose 8*h - 66 = 5*h. Let v = 42 - h. Suppose 2*u - 20 = -x, 2*x - 6*x = -4*u - v. Calculate the remainder when 39 is divided by x.
9
Let z(w) = w - 7. Let r be z(5). Calculate the remainder when ((-2)/(-6))/((-2)/(-84)) is divided by (r - -3)/((-1)/(-5)).
4
Suppose 2*l + 10 = -0*l. Let d = 1 + l. Calculate the remainder when 10 is divided by d/((-2)/(-1)) + 8.
4
Let k = -2 + 7. Let x(g) = 3 + 5*g + 2*g - 6*g. Calculate the remainder when 15 is divided by x(k).
7
Suppose -4*t - l - 194 = -34, -2*t = 5*l + 98. Let m = -27 - t. Calculate the remainder when m is divided by (-7)/(-3)*(2 + 1).
5
Suppose l = -4*s + 95, -5*s + l + 2*l + 123 = 0. Calculate the remainder when 69 is divided by (s/(-10))/(16/(-120)).
15
Let a(v) = v**2 - 6*v - 13. Let h be 1 - 2 - -3*1. Suppose 4*l - h*j - 9 = 159, -5*l + 188 = 3*j. What is the remainder when l is divided by a(9)?
12
Suppose 5*f - l + 4*l - 53 = 0, 2*f - 4*l - 16 = 0. Let k = f - 5. What is the remainder when k is divided by 3 - (3 + (-3)/1)?
2
Let g = 24 + -4. What is the remainder when 39 is divided by g?
19
Let r be 0 + 0 + 48 + 0. Let w = r - 33. What is the remainder when 57 is divided by w?
12
Let k = -28 + 14. Let b = -3 - k. Let h = 1 - -5. What is the remainder when b is divided by h?
5
Let w(u) = u**3 + 7*u**2 + 9*u + 4. Let a be w(-6). Suppose -2*n = -6 - 2, -2*b - 4*n = -40. Calculate the remainder when a/(-2 + (-16)/(-10)) is divided by b.
11
Let j = 1 - -1. Let o(c) = 2*c**2 + 5*c - 1. Let q(x) = -5*x**2 - 10*x + 2. Let u(a) = 7*o(a) + 3*q(a). Calculate the remainder when 8 is divided by u(j).
3
Suppose 2 = 2*p + 5*a, 2 = p + a - 2. Calculate the remainder when (-10)/50 + 111/5 is divided by p.
4
Suppose 3*s + 5*q - 109 - 153 = 0, -2*q = -4. What is the remainder when s is divided by 17?
16
Suppose -2*q - 12 = -3*d, 0 = 4*q + 3*d + 27 - 3. What is the remainder when 46 is divided by 73/3 - (-2)/q?
22
Suppose -5*h + 187 = 4*n + 31, 2*n - 52 = 4*h. Let l be ((-42)/4)/(3/(-6)). Let r = l - 9. Calculate the remainder when n is divided by r.
10
Suppose -i + 58 = 3*j + 2*j, -3 = -i. Calculate the remainder when 65 is divided by j.
10
Suppose -2*u + 3 = l, 2 = u - 5*l - 5. Suppose u*m - 10 = 4. Let s(g) = 3*g**3 + 2*g - 1. Calculate the remainder when s(2) is divided by m.
6
Let n = 98 - 30. Calculate the remainder when n is divided by 12.
8
Suppose -11 = 4*r + 13. Let c = -2 - r. Suppose c*g - 13 = 3. What is the remainder when g is divided by 3?
1
Suppose g = -4*n + 220, 2*n + 3*n - 275 = -2*g. Calculate the remainder when n is divided by 8.
7
Let d = -132 + 161. Calculate the remainder when d is divided by 5.
4
Calculate the remainder when 79 is divided by -8 + 12 + 16*1.
19
What is the remainder when (-2)/((-44)/36 + 1) is divided by 4?
1
Let c(k) = -k**2 - 11*k - 18. Calculate the remainder when 45 is divided by c(-6).
9
Suppose -5*t = 3*a - 40, 0*t + 16 = -4*t. What is the remainder when a is divided by 6?
2
What is the remainder when 59 is divided by (-1 - -3)/(1/10)?
19
Let t = -1 + 30. What is the remainder when t is divided by 16?
13
Calculate the remainder when 57 is divided by (10/(-1))/(5/(-10)).
17
Suppose 0 = -2*j - 2*k + 14, 4*k = 2*j - 16 - 22. Suppose v - 5 = c - 5*c, v - j = -c. Calculate the remainder when 37 is divided by v.
11
Let h = 83 - 59. Suppose -3*g = -63 + h. What is the remainder when g is divided by 5?
3
Suppose -3*i - 660 = -5*y, -y - 265 = -3*y + i. Suppose -2*u = u - y. What is the remainder when u is divided by 16?
13
Suppose -4*k = 3*d + 4, 5*d - 2*k = -0*k + 2. Suppose -3*t + 5*f + 61 = d, t + 0*f - 2*f - 19 = 0. Calculate the remainder when t is divided by 10.
7
Suppose v + 10 = 14. Calculate the remainder when 15 is divided by v.
3
Suppose 13 = 4*y + 3*u + 1, 0 = -5*u. Suppose -y*l = l - 8. Suppose 2*k = -l*k + 92. What is the remainder when k is divided by 12?
11
Let a(y) be the second derivative of 0 + 2*y - y**2 + 17/6*y**3. Calculate the remainder when a(2) is divided by 11.
10
Let g(o) = 8*o - 95. Suppose 0*s - 1 = -s. What is the remainder when g(14) is divided by s/1*3*2?
5
Let z = -1 - -4. Suppose -36 = 5*a - 101. What is the remainder when a is divided by z?
1
Suppose 4*f = -0*f + 60. Calculate the remainder when 38 is divided by (8/6)/(1/f).
18
Suppose -j - 23 = -2*y + 4, -j = 3. What is the remainder when 46 is divided by y?
10
Suppose -4*h + 4 = 2*j, 2*h - 3*j + 10 = -7*j. Let a(m) = -2*m + 1. Let d = 3 - 5. What is the remainder when a(d) is divided by h?
2
Let c = -1 + 1. Suppose c = 3*l + 3, k + 2*l - 32 = -3*l. Let o(z) = z**3 + 6*z**2 - 8*z + 6. What is the remainder when k is divided by o(-7)?
11
Let l(r) = 3*r - 9*r + 4*r**2 - r**3 + 4*r**2 + 7 - 3*r. Let m(o) = -o**2 - 7*o - 3. What is the remainder when l(6) is divided by m(-4)?
7
What is the remainder when (37/(-3))/(((-5)/(-3))/(-5)) is divided by 13?
11
Suppose -5*j + j + 160 = 0. Let z be 28/10 + 3/15. Let n(r) = 2*r**2 - r - 1. What is the remainder when j is divided by n(z)?
12
Let c(n) = 3*n**2 - 3*n - 4. Let s be c(-5). Calculate the remainder when (s/(-8))/(2/(-8)) is divided by 15.
13
Suppose 4 = w - 1. Suppose k - 1 = -3. Let c = w + k. Calculate the remainder when c is divided by 2.
1
Let r(y) = y**2 - 2*y - 14. What is the remainder when 29 is divided by r(6)?
9
Suppose -18*c - 162 = -24*c. What is the remainder when c is divided by 11?
5
Suppose 3*k - 3*t = 429, -145 = -0*k - k + 2*t. Suppose 0 = -0*o - o + k. Calculate the remainder when (-2)/8 + o/4 is divided by 18.
17
Suppose 0 = -5*h - 5, 2*v + 3*h - 29 = -0*h. What is the remainder when 62 is divided by v?
14
Suppose 0 = -v - 0*v. Let t = v + 3. Let k(r) = 4*r**2 - 2*r - 1. Calculate the remainder when k(t) is divided by 8.
5
Suppose -7*b + 2*b = 25. Let i = b - 1. Calculate the remainder when (-40)/i + 2/(-3